144642 (base 7) to base 11
-1a132
-4035 (base 7) to base 9
-1823
Convert -9924 (base 13) to base 14.
-7ab2
Convert 1110101010001 (base 2) to base 12.
4415
Convert -22c (base 15) to base 4.
-13230
Convert 5445 (base 7) to base 12.
1160
Convert 516 (base 16) to base 3.
1210020
100101 (base 5) to base 15
e01
Convert -101213121 (base 4) to base 16.
-119d9
-223300 (base 4) to base 2
-101011110000
Convert -617 (base 13) to base 8.
-2012
What is 294 (base 14) in base 10?
522
-101000101 (base 2) to base 3
-110001
4b1c (base 14) to base 2
11001101100110
3330321 (base 4) to base 2
11111100111001
What is -33437 (base 9) in base 14?
-815a
Convert 3b7b (base 13) to base 15.
2802
Convert 1000011111100 (base 2) to base 6.
32044
What is 22 (base 16) in base 12?
2a
-140012 (base 5) to base 15
-1a07
22440 (base 5) to base 7
4503
-2530 (base 8) to base 11
-1034
Convert 508a (base 11) to base 13.
30c6
Convert -10001111001 (base 2) to base 7.
-3224
31286 (base 10) to base 12
16132
What is 2498 (base 10) in base 3?
10102112
-4041 (base 5) to base 11
-434
10320013 (base 4) to base 11
1400a
Convert -474 (base 11) to base 12.
-3b1
2189 (base 13) to base 2
1001001000100
What is 17086 (base 9) in base 15?
372c
73366 (base 8) to base 9
45687
Convert -135305 (base 7) to base 16.
-6515
What is 1102011112 (base 3) in base 13?
c884
What is 18572 (base 9) in base 16?
323f
What is 124 (base 10) in base 2?
1111100
Convert -3770 (base 11) to base 2.
-1001100110101
Convert -661 (base 11) to base 13.
-490
What is 31323 (base 4) in base 14?
479
What is 1695 (base 16) in base 12?
3419
2768 (base 14) to base 13
321a
23003 (base 7) to base 2
1011011001010
What is -40 (base 5) in base 4?
-110
Convert -1194 (base 10) to base 13.
-70b
Convert -12223 (base 12) to base 2.
-101111110111011
Convert a4ca (base 15) to base 9.
52711
465 (base 10) to base 5
3330
Convert 13510 (base 10) to base 13.
61c3
Convert 463 (base 9) to base 8.
575
18b2 (base 12) to base 16
bc6
6206 (base 15) to base 3
1001101220
What is 25e (base 15) in base 6?
2255
What is -3a51 (base 13) in base 5?
-231342
-74 (base 10) to base 15
-4e
What is -32011031 (base 4) in base 6?
-1123005
5a8b (base 16) to base 6
255151
-14534 (base 7) to base 4
-333023
What is 4384 (base 11) in base 8?
13223
10122213 (base 5) to base 16
14378
150043 (base 6) to base 13
6669
3103 (base 9) to base 14
b83
Convert 2102000 (base 3) to base 11.
1356
24b (base 12) to base 2
101011011
11965 (base 11) to base 3
212111112
Convert 520 (base 10) to base 4.
20020
-1868 (base 11) to base 9
-3226
1073 (base 8) to base 3
210011
Convert -2001110 (base 3) to base 15.
-69c
10000110101 (base 2) to base 12
759
Convert -2b23c (base 13) to base 4.
-103330032
What is -21323 (base 8) in base 12?
-51ab
255405 (base 6) to base 4
11223131
bc8 (base 13) to base 9
2687
-151 (base 13) to base 3
-22201
Convert -3144 (base 8) to base 6.
-11324
What is 211212201 (base 3) in base 15?
4e1d
What is -16661 (base 7) in base 6?
-34112
Convert -6894 (base 14) to base 16.
-46f2
Convert -2001323 (base 4) to base 5.
-231230
Convert 149a (base 14) to base 7.
13453
-12f20 (base 16) to base 14
-203cc
What is 2728 (base 9) in base 15?
91b
-119a (base 12) to base 13
-ba1
157a (base 11) to base 2
11111100111
What is -11434 (base 11) in base 5?
-1011433
Convert 128 (base 9) to base 13.
83
What is -2000 (base 5) in base 3?
-100021
122202 (base 3) to base 6
2115
Convert -19876 (base 11) to base 16.
-6c17
-888 (base 9) to base 4
-23120
What is 77143 (base 8) in base 6?
405443
Convert 1c9 (base 13) to base 2.
101001110
What is -12212100 (base 3) in base 14?
-17b5
What is 20394 (base 11) in base 5?
1422443
What is 197 (base 15) in base 7?
1033
Convert 1122011 (base 3) to base 10.
1192
Convert -46cb (base 15) to base 8.
-35301
What is 140304 (base 5) in base 3?
21211021
c (base 14) to base 5
22
Convert -557 (base 14) to base 8.
-2041
1d3b (base 14) to base 9
7288
What is -41623 (base 8) in base 5?
-1023144
-123155 (base 8) to base 3
-2011102222
-4587 (base 9) to base 12
-1b74
Convert -111111100 (base 2) to base 13.
-301
21 (base 16) to base 4
201
Convert -2220011 (base 3) to base 14.
-aaa
Convert -3323 (base 4) to base 12.
-18b
-1011110110 (base 2) to base 3
-1001002
What is -108 (base 14) in base 13?
-129
-7b72 (base 14) to base 12
-10508
-713b (base 13) to base 4
-3303232
-120000000 (base 3) to base 5
-322220
Convert 24004 (base 5) to base 12.
1022
Convert -2183 (base 13) to base 9.
-6358
500 (base 10) to base 14
27a
231202 (base 4) to base 3
10222221
Convert 40150 (base 6) to base 11.
3a43
-78827 (base 10) to base 14
-20a27
-3414 (base 5) to base 16
-1e4
-100011010111 (base 2) to base 8
-4327
Convert 8b81 (base 16) to base 14.
d02d
Convert 1100101110101001 (base 2) to base 9.
78460
36829 (base 10) to base 4
20333131
4771 (base 13) to base 8
23517
Convert 930a (base 16) to base 8.
111412
Convert 944 (base 11) to base 9.
1503
What is 5642 (base 7) in base 3?
2210112
300021 (base 5) to base 16
24aa
Convert -363 (base 11) to base 6.
-2000
Convert 117 (base 8) to base 6.
211
What is 40ab (base 13) in base 16?
22e1
Convert 222201 (base 3) to base 6.
3201
What is -2122110 (base 3) in base 16?
-789
Convert 40537 (base 9) to base 4.
12200323
5274 (base 10) to base 11
3a65
What is 1a27 (base 14) in base 16?
1283
Convert -1190 (base 12) to base 9.
-2640
Convert 52017 (base 8) to base 3.
1002112000
What is -35845 (base 12) in base 13?
-26a47
-102333 (base 4) to base 16
-4bf
Convert -2aa8 (base 12) to base 15.
-174e
What is -11ce (base 15) in base 7?
-14030
What is -1461 (base 7) in base 3?
-210120
Convert -1413 (base 6) to base 11.
-306
Convert 1001101011000 (base 2) to base 8.
11530
Convert 4781 (base 13) to base 10.
10076
What is -122011 (base 4) in base 10?
-1669
102110200 (base 3) to base 11
6311
-905 (base 15) to base 4
-133232
-6b6 (base 13) to base 9
-1532
What is -5209 (base 14) in base 3?
-201101000
Convert -8230 (base 9) to base 4.
-1132011
154 (base 6) to base 2
1000110
What is 10340020 (base 5) in base 7?
523264
-1218 (base 11) to base 12
-b08
Convert 1286 (base 10) to base 11.
a6a
14116 (base 8) to base 6
44450
2220 (base 3) to base 6
210
What is -9184 (base 10) in base 8?
-21740
-100001111110 (base 2) to base 7
-6224
Convert -31657 (base 9) to base 12.
-1015a
What is 5310 (base 14) in base 13?
6699
What is 382 (base 15) in base 16?
31d
Convert -100330 (base 4) to base 9.
-1434
-95be (base 15) to base 11
-2188a
What is 21504 (base 6) in base 13?
1492
What is ba8 (base 16) in base 2?
101110101000
-430a9 (base 11) to base 12
-30330
Convert -32 (base 4) to base 16.
-e
What is 104002 (base 5) in base 4?
320223
1010011110 (base 2) to base 7
1645
Convert 102 (base 10) to base 7.
204
Convert -20120221 (base 3) to base 5.
-123204
What is 1114 (base 12) in base 10?
1888
Convert 5233 (base 11) to base 5.
210213
Convert -220 (base 6) to base 8.
-124
What is 110100001 (base 2) in base 11?
34a
What is -11000111000000 (base 2) in base 12?
-7454
-450 (base 8) to base 14
-172
Convert 252 (base 13) to base 6.
1513
What is -33512 (base 8) in base 10?
-14154
Convert 13212 (base 9) to base 10.
8921
Convert 1a5 (base 16) to base 14.
221
Convert -129d (base 16) to base 5.
-123030
What is -11331 (base 4) in base 10?
-381
22500 (base 6) to base 8
6204
271 (base 11) to base 12
228
Convert -1011 (base 6) to base 16.
-df
Convert 6a13 (base 14) to base 16.
4809
Convert 152416 (base 8) to base 11.
37a84
5742 (base 14) to base 9
22703
What is 100001001100 (base 2) in base 12?
1290
11540 (base 6) to base 12
bb0
What is -2815 (base 9) in base 5?
-31440
Convert 4513 (base 7) to base 2.
11001011011
210020 (base 5) to base 12
3b99
Convert 120202010 (base 3) to base 7.
45315
What is -23364 (base 9) in base 3?
-210102011
What is -1002 (base 4) in base 13?
-51
10110010100 (base 2) to base 9
1856
14710 (base 10) to base 8
34566
Convert 544 (base 9) to base 11.
375
Convert -27e4 (base 15) to base 10.
-8539
What is 91 (base 13) in base 7?
226
What is 6371 (base 12) in base 11?
81a6
Convert 11046 (base 7) to base 6.
20510
Convert 1353 (base 7) to base 13.
318
-20210011 (base 3) to base 4
-1031101
Convert -1700 (base 8) to base 14.
-4c8
Convert 88 (base 13) to base 8.
160
Convert 11334 (base 7) to base 6.
21300
What is -1696 (base 1